Let h = p + -52. What is the remainder when 205 is divided by h?
13
Let f be (2 - -10)/2 - (-16)/(-4). Suppose -13 = -f*z + 23. What is the remainder when 593 is divided by z?
17
Calculate the remainder when (388/(-5))/(((-8)/40)/(4 - 2)) is divided by 33.
17
Let j = 1103 - 954. What is the remainder when j is divided by 85?
64
Let c(u) = 2*u**3 - 7*u**2 + 4*u. Let w be c(5). Let s = 107 - w. Suppose -s = -2*v - 0. Calculate the remainder when 17 is divided by v.
5
Let q be 2 - 1/(1/(-55)). Suppose b - 5*p + 3*p - 22 = 0, 3*b = 3*p + q. Let z(v) = 11*v**2 - 3*v + 3. What is the remainder when z(3) is divided by b?
13
Suppose -922*s + 937*s = 1125. Suppose 2*r - 5*g - 12 = -3*g, -5*g = r - 36. Calculate the remainder when s is divided by r.
9
Let q = 4108 + -4098. Let i = 26 - -39. Suppose 2*d + 5 = -3*g + i, -3*g = -4*d + 102. Calculate the remainder when d is divided by q.
7
Let c(k) = -74*k - 3831. Calculate the remainder when c(-59) is divided by 53.
5
Let l = 1469 - 858. Calculate the remainder when 176/220 + l/5 is divided by 18.
15
Let h(f) be the first derivative of 15*f**4/4 + 2*f**3/3 - f**2 + f + 1. Let o = -2309 - -2356. Calculate the remainder when o is divided by h(1).
15
Suppose 5*g - y = 910, 38*g - 37*g - 3*y - 196 = 0. What is the remainder when 515 is divided by g?
153
Let s = 12 + 1. Let z = s + 52. Suppose 4*r = 8, -4*k + 5*k - 5*r - 7 = 0. What is the remainder when z is divided by k?
14
Suppose u + 59 - 2 = 0. Let m = u + 61. Suppose 3*x - 187 = -5*i - 25, m*x + 74 = 3*i. What is the remainder when i is divided by 12?
6
Suppose j - 1683 = -3*p + 30, -5*p - 6835 = -4*j. What is the remainder when 6/12 + j/12 is divided by 16?
15
Let g(v) = v**3 - 7*v**2 + 342*v - 2348. Calculate the remainder when 196 is divided by g(7).
12
Let k = 1201 - 512. Let d = 1243 - k. What is the remainder when d is divided by 15?
14
Let y(r) = 23*r - 754. What is the remainder when 1728 is divided by y(70)?
16
What is the remainder when 2775 is divided by (-1 - 1)/((-60)/348*16/120)?
78
Suppose 97 = -2*p + 287. What is the remainder when p is divided by (392/35)/28 + 476/10?
47
Suppose -3*p + 9 = 0, 5*g = p + 554 - 77. Let r = 98 - g. Suppose 13 = t + 2*t + 4*z, r*z = t - 21. What is the remainder when 41 is divided by t?
8
Suppose 86*y = 158*y - 22141 - 20915. Calculate the remainder when y is divided by 105.
73
Suppose -50*r + 48*r - 8 = 0. Calculate the remainder when 148 is divided by r*((-9)/(-24)*-6 - -1).
3
Suppose -2*h = -10*h - 36*h + 3300. Calculate the remainder when h is divided by 2/(-5) + 660/25.
23
Let h(j) = -5*j**3 - j**2 + 9*j - 9. Let z(l) = 2*l**3 - l**2 + 1. Let m(f) = -h(f) - 2*z(f). What is the remainder when 121 is divided by m(2)?
4
Let a = 6086 + -6019. Calculate the remainder when 463 is divided by a.
61
Suppose -3*a - 4*t = -3*t - 173, 0 = -a - 5*t + 39. What is the remainder when 396/(-27)*(48/28)/((-6)/42) is divided by a?
58
Let i = 68 - 69. Let d(a) = 40*a - 2. Let f be d(i). Let u = -19 - f. What is the remainder when 43 is divided by u?
20
Suppose -79*a = -73*a + 54. Let d(s) = -2*s**3 - 21*s**2 - 32*s - 5. What is the remainder when d(a) is divided by 29?
11
Let l = -56 - 44. Suppose 0 = -4*c - 5*o + 67, 15*o + 93 = 5*c + 12*o. What is the remainder when (26/5)/((-10)/l) is divided by c?
16
Let q be (-18)/(-3) + 480/8. Suppose 0 = 3*p + n - 154, -2*n + q = p + 2*n. What is the remainder when p is divided by 24?
2
Let q be (-8)/10*(-180)/24. Suppose -12*y + q = -14*y. What is the remainder when (-2 - y)*(17 - -2) is divided by 10?
9
Let j(r) = -1042*r - 2206. Calculate the remainder when j(-3) is divided by 905.
15
Suppose -2*b + 37 = -q, 241 = -3*q - 2*q - 4*b. Calculate the remainder when 27 is divided by 4/(-18) - 1*685/q.
12
Suppose -4*f - 3*p + 1189 = 0, 5*f + 4*p - 9*p = 1495. Calculate the remainder when f is divided by (-6)/(-2 + 188/100).
48
Suppose -2 - 12 = -t. Suppose -70*l + 67*l = 60. Let a(x) = -x**2 - 12*x + 298. What is the remainder when a(l) is divided by t?
12
Calculate the remainder when 326 is divided by 6 + 0 + (-105)/(-3).
39
Let u = 161 + -237. Let v be 32592/210 - 4/(-5). Calculate the remainder when 35 is divided by (-1)/(v/u - -2).
16
Suppose -11 = -6*l + 13. Let h be (48/9)/((-8)/(-12)). Suppose 3*m = -l*b + 120, 0 = -b - 4*m + h*m + 30. Calculate the remainder when 80 is divided by b.
20
Let b = 94 + 16. Suppose -6*v = -249 + 27. What is the remainder when b is divided by v?
36
Suppose -80 = -10*h - 11*h + 298. What is the remainder when 326 is divided by h?
2
Let b(q) = -6*q**2 - 10*q + 37. Let k be b(-14). Let g = -958 - k. Calculate the remainder when 51 is divided by g.
10
Let v(k) = 2530*k + 121. What is the remainder when v(1) is divided by 102?
101
Suppose -26*j + 694 = -684. Suppose 0 = 4*t + 4*u - 112, 3*t - 76 = t + 2*u. What is the remainder when j is divided by t?
20
Suppose -4*b = b - 370. Suppose 2*i - a - b = 4*a, 0 = a. What is the remainder when i is divided by (-545)/(-40) + -4 + (-3)/(-8)?
7
What is the remainder when 116 is divided by (-12)/(-9) - (-2480)/48?
10
Suppose -22*d + 673 = 4*b - 21*d, 3*b - 3*d - 486 = 0. Calculate the remainder when b is divided by 28.
27
Suppose 253 + 147 = 5*d. Suppose -22*g - 35*g + 1136 = -1201. What is the remainder when d is divided by g?
39
Suppose -z - d + 42 = -2, 2*d = 4. Suppose -2*u - z = -q - 71, q = -5*u + 83. What is the remainder when 71 is divided by u?
7
Let b = -279 + 274. Calculate the remainder when 165/b*25/(-15) is divided by 25.
5
Suppose -n - 506 = -434. Let q = -45 - n. Calculate the remainder when q is divided by 15.
12
Let c = -259 - -299. Suppose -4*q + c = -z, -4*z - 30 = -3*q - z. What is the remainder when 17 is divided by q?
7
Let w(g) be the third derivative of 0 + 1/24*g**4 + 0*g - 12*g**2 + 1/6*g**3. Calculate the remainder when 26 is divided by w(4).
1
Let u = -4394 - -4397. Let p(x) = -x**3 + x**2 - x + 1. Let w be p(0). Suppose -3*r = -4*t - w, u - 11 = -4*t. What is the remainder when 8 is divided by r?
2
Suppose 4*w - 117 + 9 = 0. Let k(r) = -r**3 + 5*r**2 + 5*r + 10. Let u be k(5). Suppose -7*s = -u - 7. What is the remainder when w is divided by s?
3
Let o(f) = f**2 - 38*f - 653. Calculate the remainder when o(-34) is divided by 45.
40
Suppose 3*p = 4*p - 44. Let x = -224 + 229. Suppose 2*n + 0*n = f + 169, -4*n = x*f - 359. What is the remainder when n is divided by p?
42
Let t(l) = -349*l + 992. What is the remainder when t(1) is divided by 284?
75
What is the remainder when 13 + 534 + -7 - 12 is divided by 89?
83
Suppose -w - 214 = -3*g - 2*g, 3*w = 3. Calculate the remainder when g is divided by (-42624)/(-1728) - -4*2/(-12).
19
Suppose -12*a + 10*a = -2*t - 70, -2*a - 5*t = -70. What is the remainder when 1044 is divided by a?
29
Let w(h) = -h**3 - 11*h**2 + 37*h - 4. Let j be w(-14). What is the remainder when 1 + 2 + j - (-15 - -10) is divided by 15?
14
Let d be -990*1/(-4) + (-2)/(-4). Suppose 5*n = -3*f + d, -f - 4*n + 11 = -74. What is the remainder when f is divided by 28?
25
Suppose -48*d - 920 = -52*d. Let o = 1795 - 1748. What is the remainder when d is divided by o?
42
Let l be (-25)/5 + 1 + (108 - 2). Suppose d - n = 22, -5*n + 2*n + l = 5*d. What is the remainder when 77 is divided by d?
14
Let o = -1908 - -1919. Calculate the remainder when 296 is divided by o.
10
Let j be (-304 - 6)/(-1) - 5. Let l = j + -273. Calculate the remainder when 101 is divided by l.
5
Let t(r) = -13*r - 9 + 19*r + 4*r**2 + 3*r**2. Let b be t(2). Suppose 5*f - 94 = b. What is the remainder when f is divided by 6?
1
Let f be (-4900)/(-1274) + (-2)/(-13). Let v(g) = -6*g + g**2 + g**2 + 3*g + 7. Calculate the remainder when 106 is divided by v(f).
25
Let r(t) = -31*t**2 + 150*t + 60. Let p = -46 - -147. Calculate the remainder when p is divided by r(5).
31
Let x = -17832 + 17885. Calculate the remainder when 309 is divided by x.
44
Suppose 0 = 2*y + w - 551, y + 2*w = -2*y + 826. Suppose y = 29*c - 6*c. What is the remainder when 17 is divided by c?
5
Let z(l) = l**2 + 2*l - 48. Calculate the remainder when 356 is divided by z(7).
11
Let d(x) = x**3 - x**2 + 4*x + 119. Let k(l) = l**2 + l - 1. Let n(u) = d(u) + 2*k(u). Calculate the remainder when n(0) is divided by 20.
17
Suppose j - 82 = 5*q, 